{"id":475,"date":"2023-06-23T11:14:20","date_gmt":"2023-06-23T08:14:20","guid":{"rendered":"https:\/\/stancile-prutului.md\/?page_id=475"},"modified":"2023-09-22T04:01:54","modified_gmt":"2023-09-22T01:01:54","slug":"masuri-sdl-en","status":"publish","type":"page","link":"https:\/\/stancile-prutului.md\/en\/masuri-sdl-en\/","title":{"rendered":"SDL measures"},"content":{"rendered":"\n<h4 class=\"wp-block-heading\">Dezvoltarea economiei locale \u0219i turismului pe teritoriul GAL<\/h4>\n\n\n<div class=\"wp-block-ub-content-toggle\" id=\"ub-content-toggle-100fd7c7-4286-4634-82df-52c0987bd945\" data-mobilecollapse=\"false\" data-desktopcollapse=\"false\">\n<div class=\"wp-block-ub-content-toggle-accordion\">\n                <div class=\"wp-block-ub-content-toggle-accordion-title-wrap\"\" aria-controls=\"ub-content-toggle-panel-0-100fd7c7-4286-4634-82df-52c0987bd945\" tabindex=\"0\">\n                    <p class=\"wp-block-ub-content-toggle-accordion-title ub-content-toggle-title-100fd7c7-4286-4634-82df-52c0987bd945\">Diversificarea \u0219i \u00eembun\u0103t\u0103\u021birea condi\u021biilor de activitate economic\u0103 pe teritoriul GAL<\/p><div class=\"wp-block-ub-content-toggle-accordion-toggle-wrap right\"><span class=\"wp-block-ub-content-toggle-accordion-state-indicator wp-block-ub-chevron-down open\"><\/span>\n                    <\/div><\/div><div role=\"region\" aria-expanded=\"true\" class=\"wp-block-ub-content-toggle-accordion-content-wrap\" id=\"ub-content-toggle-panel-0-100fd7c7-4286-4634-82df-52c0987bd945\">\n\n<p><em>M 1.1.1. <\/em><em>Atragerea investi\u021biilor \u00een agricultur\u0103 cu valoare ad\u0103ugat\u0103<\/em><\/p>\n\n\n\n<p><em>M 1.1.2. <\/em><em>Dezvoltarea antreprenoriatului non-agricol.<\/em><\/p>\n\n\n\n<p><em>M 1.1.3. <\/em><em>Consolidarea capacit\u0103\u021bilor comunit\u0103\u021bilor locale \u00een privin\u021ba dezvolt\u0103rii economice<\/em><\/p>\n\n<\/div><\/div>\n\n<div class=\"wp-block-ub-content-toggle-accordion\">\n                <div class=\"wp-block-ub-content-toggle-accordion-title-wrap\"\" aria-controls=\"ub-content-toggle-panel-1-100fd7c7-4286-4634-82df-52c0987bd945\" tabindex=\"0\">\n                    <p class=\"wp-block-ub-content-toggle-accordion-title ub-content-toggle-title-100fd7c7-4286-4634-82df-52c0987bd945\">Dezvoltarea infrastructurii turistice \u0219i conservarea patrimoniului natural \u0219i cultural.<\/p><div class=\"wp-block-ub-content-toggle-accordion-toggle-wrap right\"><span class=\"wp-block-ub-content-toggle-accordion-state-indicator wp-block-ub-chevron-down open\"><\/span>\n                    <\/div><\/div><div role=\"region\" aria-expanded=\"true\" class=\"wp-block-ub-content-toggle-accordion-content-wrap\" id=\"ub-content-toggle-panel-1-100fd7c7-4286-4634-82df-52c0987bd945\">\n\n<p><em>M 1.2.1. <\/em><em>\u00cenfiin\u021barea \u0219i dezvoltarea atrac\u021biilor turistice la nivel local<\/em><\/p>\n\n\n\n<p><em>M 1.2.2. <\/em><em>Valorificarea ocupa\u021biilor tradi\u021bionale, culturii \u0219i resurselor naturale pentru sporirea poten\u021bialului&nbsp; turistic al teritoriului GAL<\/em><\/p>\n\n<\/div><\/div>\n<\/div>\n\n\n<h4 class=\"wp-block-heading\">\u00cembun\u0103t\u0103\u021birea calit\u0103\u021bii vie\u021bii \u0219i cre\u0219terea atractivit\u0103\u021bii teritoriului GAL<\/h4>\n\n\n<div class=\"wp-block-ub-content-toggle\" id=\"ub-content-toggle-c4dbdac5-4387-4931-a55f-e3fb8b07fdfb\" data-mobilecollapse=\"false\" data-desktopcollapse=\"false\">\n<div class=\"wp-block-ub-content-toggle-accordion\">\n                <div class=\"wp-block-ub-content-toggle-accordion-title-wrap\"\" aria-controls=\"ub-content-toggle-panel-0-c4dbdac5-4387-4931-a55f-e3fb8b07fdfb\" tabindex=\"0\">\n                    <p class=\"wp-block-ub-content-toggle-accordion-title ub-content-toggle-title-c4dbdac5-4387-4931-a55f-e3fb8b07fdfb\">Dezvoltarea infrastructurii \u0219i serviciilor \u00een teritoriul GAL<\/p><div class=\"wp-block-ub-content-toggle-accordion-toggle-wrap right\"><span class=\"wp-block-ub-content-toggle-accordion-state-indicator wp-block-ub-chevron-down open\"><\/span>\n                    <\/div><\/div><div role=\"region\" aria-expanded=\"true\" class=\"wp-block-ub-content-toggle-accordion-content-wrap\" id=\"ub-content-toggle-panel-0-c4dbdac5-4387-4931-a55f-e3fb8b07fdfb\">\n\n<p><em>M 2.1.1. <\/em><em>Crearea \u0219i modernizarea infrastructurii de baz\u0103 la scar\u0103 mic\u0103<\/em><\/p>\n\n\n\n<p><em>M 2.1.2. <\/em><em>Crearea \u0219i dezvoltarea serviciilor publice \u0219i altor tipuri de servicii pe teritoriul GAL<\/em><\/p>\n\n\n\n<p><em>M 2.1.3. <\/em><em>Amenajarea \u0219i dotarea spa\u021biilor destinate&nbsp; activit\u0103\u021bilor sportive \u0219i de agrement.<\/em><\/p>\n\n<\/div><\/div>\n\n<div class=\"wp-block-ub-content-toggle-accordion\">\n                <div class=\"wp-block-ub-content-toggle-accordion-title-wrap\"\" aria-controls=\"ub-content-toggle-panel-1-c4dbdac5-4387-4931-a55f-e3fb8b07fdfb\" tabindex=\"0\">\n                    <p class=\"wp-block-ub-content-toggle-accordion-title ub-content-toggle-title-c4dbdac5-4387-4931-a55f-e3fb8b07fdfb\">Dezvoltarea durabil\u0103 a teritoriului \u0219i protec\u021bia mediului \u00eenconjur\u0103tor<\/p><div class=\"wp-block-ub-content-toggle-accordion-toggle-wrap right\"><span class=\"wp-block-ub-content-toggle-accordion-state-indicator wp-block-ub-chevron-down open\"><\/span>\n                    <\/div><\/div><div role=\"region\" aria-expanded=\"true\" class=\"wp-block-ub-content-toggle-accordion-content-wrap\" id=\"ub-content-toggle-panel-1-c4dbdac5-4387-4931-a55f-e3fb8b07fdfb\">\n\n<p><em>M 2.2.1. <\/em><em>Sus\u021binerea activit\u0103\u021bilor de protec\u021bie a mediului \u00eenconjur\u0103tor, conservarea peisajelor \u0219i a biodiversit\u0103\u021bii.<\/em><\/p>\n\n\n\n<p><em>M 2.2.2. <\/em><em>Gestionarea durabil\u0103 a de\u0219eurilor menajere<\/em><\/p>\n\n\n\n<p><em>M 2.2.3. <\/em><em>Investi\u021bii \u00een eficien\u021ba energetic\u0103 \u0219i energia din surse regenerabile.<\/em><\/p>\n\n<\/div><\/div>\n<\/div>","protected":false},"excerpt":{"rendered":"<p>Dezvoltarea economiei locale \u0219i turismului pe teritoriul GAL \u00cembun\u0103t\u0103\u021birea calit\u0103\u021bii vie\u021bii \u0219i cre\u0219terea atractivit\u0103\u021bii teritoriului GAL<\/p>\n","protected":false},"author":1,"featured_media":0,"parent":0,"menu_order":0,"comment_status":"closed","ping_status":"closed","template":"","meta":{"_tec_requires_first_save":true,"inline_featured_image":false,"ub_ctt_via":"","_EventAllDay":false,"_EventTimezone":"","_EventStartDate":"","_EventEndDate":"","_EventStartDateUTC":"","_EventEndDateUTC":"","_EventShowMap":false,"_EventShowMapLink":false,"_EventURL":"","_EventCost":"","_EventCostDescription":"","_EventCurrencySymbol":"","_EventCurrencyCode":"","_EventCurrencyPosition":"","_EventDateTimeSeparator":"","_EventTimeRangeSeparator":"","_EventOrganizerID":[],"_EventVenueID":[],"_OrganizerEmail":"","_OrganizerPhone":"","_OrganizerWebsite":"","_VenueAddress":"","_VenueCity":"","_VenueCountry":"","_VenueProvince":"","_VenueState":"","_VenueZip":"","_VenuePhone":"","_VenueURL":"","_VenueStateProvince":"","_VenueLat":"","_VenueLng":"","_VenueShowMap":false,"_VenueShowMapLink":false,"_tribe_blocks_recurrence_rules":"","_tribe_blocks_recurrence_description":"","_tribe_blocks_recurrence_exclusions":"","footnotes":""},"featured_image_src":null,"jetpack_sharing_enabled":true,"acf":[],"_links":{"self":[{"href":"https:\/\/stancile-prutului.md\/en\/wp-json\/wp\/v2\/pages\/475"}],"collection":[{"href":"https:\/\/stancile-prutului.md\/en\/wp-json\/wp\/v2\/pages"}],"about":[{"href":"https:\/\/stancile-prutului.md\/en\/wp-json\/wp\/v2\/types\/page"}],"author":[{"embeddable":true,"href":"https:\/\/stancile-prutului.md\/en\/wp-json\/wp\/v2\/users\/1"}],"replies":[{"embeddable":true,"href":"https:\/\/stancile-prutului.md\/en\/wp-json\/wp\/v2\/comments?post=475"}],"version-history":[{"count":3,"href":"https:\/\/stancile-prutului.md\/en\/wp-json\/wp\/v2\/pages\/475\/revisions"}],"predecessor-version":[{"id":2086,"href":"https:\/\/stancile-prutului.md\/en\/wp-json\/wp\/v2\/pages\/475\/revisions\/2086"}],"wp:attachment":[{"href":"https:\/\/stancile-prutului.md\/en\/wp-json\/wp\/v2\/media?parent=475"}],"curies":[{"name":"wp","href":"https:\/\/api.w.org\/{rel}","templated":true}]}}

<h4 class="wp-block-heading">Dezvoltarea economiei locale și turismului pe teritoriul GAL</h4>


<div class="wp-block-ub-content-toggle" id="ub-content-toggle-100fd7c7-4286-4634-82df-52c0987bd945" data-mobilecollapse="false" data-desktopcollapse="false">
<div class="wp-block-ub-content-toggle-accordion">
                <div class="wp-block-ub-content-toggle-accordion-title-wrap"" aria-controls="ub-content-toggle-panel-0-100fd7c7-4286-4634-82df-52c0987bd945" tabindex="0">
                    <p class="wp-block-ub-content-toggle-accordion-title ub-content-toggle-title-100fd7c7-4286-4634-82df-52c0987bd945">Diversificarea și îmbunătățirea condițiilor de activitate economică pe teritoriul GAL</p><div class="wp-block-ub-content-toggle-accordion-toggle-wrap right"><span class="wp-block-ub-content-toggle-accordion-state-indicator wp-block-ub-chevron-down open"></span>
                    </div></div><div role="region" aria-expanded="true" class="wp-block-ub-content-toggle-accordion-content-wrap" id="ub-content-toggle-panel-0-100fd7c7-4286-4634-82df-52c0987bd945">

<p><em>M 1.1.1. </em><em>Atragerea investițiilor în agricultură cu valoare adăugată</em></p>



<p><em>M 1.1.2. </em><em>Dezvoltarea antreprenoriatului non-agricol.</em></p>



<p><em>M 1.1.3. </em><em>Consolidarea capacităților comunităților locale în privința dezvoltării economice</em></p>

</div></div>

<div class="wp-block-ub-content-toggle-accordion">
                <div class="wp-block-ub-content-toggle-accordion-title-wrap"" aria-controls="ub-content-toggle-panel-1-100fd7c7-4286-4634-82df-52c0987bd945" tabindex="0">
                    <p class="wp-block-ub-content-toggle-accordion-title ub-content-toggle-title-100fd7c7-4286-4634-82df-52c0987bd945">Dezvoltarea infrastructurii turistice și conservarea patrimoniului natural și cultural.</p><div class="wp-block-ub-content-toggle-accordion-toggle-wrap right"><span class="wp-block-ub-content-toggle-accordion-state-indicator wp-block-ub-chevron-down open"></span>
                    </div></div><div role="region" aria-expanded="true" class="wp-block-ub-content-toggle-accordion-content-wrap" id="ub-content-toggle-panel-1-100fd7c7-4286-4634-82df-52c0987bd945">

<p><em>M 1.2.1. </em><em>Înființarea și dezvoltarea atracțiilor turistice la nivel local</em></p>



<p><em>M 1.2.2. </em><em>Valorificarea ocupațiilor tradiționale, culturii și resurselor naturale pentru sporirea potențialului&nbsp; turistic al teritoriului GAL</em></p>

</div></div>
</div>


<h4 class="wp-block-heading">Îmbunătățirea calității vieții și creșterea atractivității teritoriului GAL</h4>


<div class="wp-block-ub-content-toggle" id="ub-content-toggle-c4dbdac5-4387-4931-a55f-e3fb8b07fdfb" data-mobilecollapse="false" data-desktopcollapse="false">
<div class="wp-block-ub-content-toggle-accordion">
                <div class="wp-block-ub-content-toggle-accordion-title-wrap"" aria-controls="ub-content-toggle-panel-0-c4dbdac5-4387-4931-a55f-e3fb8b07fdfb" tabindex="0">
                    <p class="wp-block-ub-content-toggle-accordion-title ub-content-toggle-title-c4dbdac5-4387-4931-a55f-e3fb8b07fdfb">Dezvoltarea infrastructurii și serviciilor în teritoriul GAL</p><div class="wp-block-ub-content-toggle-accordion-toggle-wrap right"><span class="wp-block-ub-content-toggle-accordion-state-indicator wp-block-ub-chevron-down open"></span>
                    </div></div><div role="region" aria-expanded="true" class="wp-block-ub-content-toggle-accordion-content-wrap" id="ub-content-toggle-panel-0-c4dbdac5-4387-4931-a55f-e3fb8b07fdfb">

<p><em>M 2.1.1. </em><em>Crearea și modernizarea infrastructurii de bază la scară mică</em></p>



<p><em>M 2.1.2. </em><em>Crearea și dezvoltarea serviciilor publice și altor tipuri de servicii pe teritoriul GAL</em></p>



<p><em>M 2.1.3. </em><em>Amenajarea și dotarea spațiilor destinate&nbsp; activităților sportive și de agrement.</em></p>

</div></div>

<div class="wp-block-ub-content-toggle-accordion">
                <div class="wp-block-ub-content-toggle-accordion-title-wrap"" aria-controls="ub-content-toggle-panel-1-c4dbdac5-4387-4931-a55f-e3fb8b07fdfb" tabindex="0">
                    <p class="wp-block-ub-content-toggle-accordion-title ub-content-toggle-title-c4dbdac5-4387-4931-a55f-e3fb8b07fdfb">Dezvoltarea durabilă a teritoriului și protecția mediului înconjurător</p><div class="wp-block-ub-content-toggle-accordion-toggle-wrap right"><span class="wp-block-ub-content-toggle-accordion-state-indicator wp-block-ub-chevron-down open"></span>
                    </div></div><div role="region" aria-expanded="true" class="wp-block-ub-content-toggle-accordion-content-wrap" id="ub-content-toggle-panel-1-c4dbdac5-4387-4931-a55f-e3fb8b07fdfb">

<p><em>M 2.2.1. </em><em>Susținerea activităților de protecție a mediului înconjurător, conservarea peisajelor și a biodiversității.</em></p>



<p><em>M 2.2.2. </em><em>Gestionarea durabilă a deșeurilor menajere</em></p>



<p><em>M 2.2.3. </em><em>Investiții în eficiența energetică și energia din surse regenerabile.</em></p>

</div></div>
</div>

<p>Dezvoltarea economiei locale și turismului pe teritoriul GAL Îmbunătățirea calității vieții și creșterea atractivității teritoriului GAL</p>
